{"id":125,"date":"2026-02-22T00:09:19","date_gmt":"2026-02-22T03:09:19","guid":{"rendered":"https:\/\/rikooriginalsmart.com\/?post_type=product&#038;p=125"},"modified":"2026-02-22T00:33:01","modified_gmt":"2026-02-22T03:33:01","slug":"redmi-note-13-pro-5g","status":"publish","type":"product","link":"https:\/\/rikooriginalsmart.com\/?product=redmi-note-13-pro-5g","title":{"rendered":"Redmi Note 13 Pro+ 5G"},"content":{"rendered":"<p><span class=\"\">Design sofisticado com c\u00e2mera de 200MP e resist\u00eancia \u00e0 \u00e1gua IP68.<\/span><span class=\"\"> Performance de flagship com pre\u00e7o de intermedi\u00e1rio. Xiaomi, ultra r\u00e1pido de 120W e tela curva.<\/span><\/p>\n","protected":false},"excerpt":{"rendered":"<p>Design sofisticado com c\u00e2mera de 200MP e resist\u00eancia \u00e0 \u00e1gua IP68. Performance de flagship com pre\u00e7o de intermedi\u00e1rio. Xiaomi, ultra r\u00e1pido de 120W e tela curva.<\/p>\n","protected":false},"featured_media":132,"comment_status":"open","ping_status":"closed","template":"","meta":{"om_disable_all_campaigns":false,"_monsterinsights_skip_tracking":false,"_monsterinsights_sitenote_active":false,"_monsterinsights_sitenote_note":"","_monsterinsights_sitenote_category":0},"product_brand":[],"product_cat":[19],"product_tag":[],"class_list":{"0":"post-125","1":"product","2":"type-product","3":"status-publish","4":"has-post-thumbnail","6":"product_cat-smartphones","8":"first","9":"instock","10":"shipping-taxable","11":"purchasable","12":"product-type-simple"},"aioseo_notices":[],"_links":{"self":[{"href":"https:\/\/rikooriginalsmart.com\/index.php?rest_route=\/wp\/v2\/product\/125","targetHints":{"allow":["GET"]}}],"collection":[{"href":"https:\/\/rikooriginalsmart.com\/index.php?rest_route=\/wp\/v2\/product"}],"about":[{"href":"https:\/\/rikooriginalsmart.com\/index.php?rest_route=\/wp\/v2\/types\/product"}],"replies":[{"embeddable":true,"href":"https:\/\/rikooriginalsmart.com\/index.php?rest_route=%2Fwp%2Fv2%2Fcomments&post=125"}],"wp:featuredmedia":[{"embeddable":true,"href":"https:\/\/rikooriginalsmart.com\/index.php?rest_route=\/wp\/v2\/media\/132"}],"wp:attachment":[{"href":"https:\/\/rikooriginalsmart.com\/index.php?rest_route=%2Fwp%2Fv2%2Fmedia&parent=125"}],"wp:term":[{"taxonomy":"product_brand","embeddable":true,"href":"https:\/\/rikooriginalsmart.com\/index.php?rest_route=%2Fwp%2Fv2%2Fproduct_brand&post=125"},{"taxonomy":"product_cat","embeddable":true,"href":"https:\/\/rikooriginalsmart.com\/index.php?rest_route=%2Fwp%2Fv2%2Fproduct_cat&post=125"},{"taxonomy":"product_tag","embeddable":true,"href":"https:\/\/rikooriginalsmart.com\/index.php?rest_route=%2Fwp%2Fv2%2Fproduct_tag&post=125"}],"curies":[{"name":"wp","href":"https:\/\/api.w.org\/{rel}","templated":true}]}}